{"id":6,"date":"2024-02-22T09:47:04","date_gmt":"2024-02-22T09:47:04","guid":{"rendered":"http:\/\/193.194.89.193\/wp_lgbso\/?page_id=6"},"modified":"2024-02-27T18:38:42","modified_gmt":"2024-02-27T18:38:42","slug":"presentation","status":"publish","type":"page","link":"https:\/\/lgbso.usthb.dz\/index.php\/presentation\/","title":{"rendered":"Pr\u00e9sentation du laboratoire"},"content":{"rendered":"\n<h1 class=\"wp-block-heading\"><\/h1>\n\n\n\n<p>Le laboratoire a \u00e9t\u00e9 cr\u00e9\u00e9 sur un fondement que repr\u00e9sentaient les projets de recherche men\u00e9s par les diff\u00e9rents chercheurs qui le composent actuellement.<\/p>\n\n\n\n<p>Les objectifs de la recherche envisag\u00e9e devaient mener d\u2019une part, \u00e0 une meilleure connaissance des bassins s\u00e9dimentaires d\u2019Alg\u00e9rie, sur tous les aspects : stratigraphie, s\u00e9dimentologie, environnements de d\u00e9p\u00f4t et pal\u00e9og\u00e9ographie, g\u00e9odynamique, et, d\u2019autre part, \u00e0 approfondir les connaissances concernant l\u2019Alg\u00e9rie alpine, son histoire depuis l\u2019initiation des bassins, et son \u00e9volution r\u00e9cente en liaison avec la collision Afrique-Europe, notamment sa mobilit\u00e9 et sa s\u00e9ismicit\u00e9.<\/p>\n\n\n\n<p>Cette recherche est donc pluridisciplinaire et s\u2019appuie sur l\u2019exp\u00e9rience acquise par les diff\u00e9rents chercheurs, au cours de leur carri\u00e8re de plus de 25 ans, pour certains.<\/p>\n\n\n\n<h1 class=\"wp-block-heading\"><\/h1>\n\n\n\n<p><\/p>\n","protected":false},"excerpt":{"rendered":"<p>Le laboratoire a \u00e9t\u00e9 cr\u00e9\u00e9 sur un fondement que repr\u00e9sentaient les projets de recherche men\u00e9s par les diff\u00e9rents chercheurs qui le composent actuellement. Les objectifs de la recherche envisag\u00e9e devaient mener d\u2019une part, \u00e0 une meilleure connaissance des bassins s\u00e9dimentaires <span class=\"readmore\"><a href=\"https:\/\/lgbso.usthb.dz\/index.php\/presentation\/\">Continue Reading<\/a><\/span><\/p>\n","protected":false},"author":1,"featured_media":0,"parent":0,"menu_order":0,"comment_status":"closed","ping_status":"closed","template":"","meta":{"footnotes":""},"class_list":["post-6","page","type-page","status-publish","hentry"],"_links":{"self":[{"href":"https:\/\/lgbso.usthb.dz\/index.php\/wp-json\/wp\/v2\/pages\/6","targetHints":{"allow":["GET"]}}],"collection":[{"href":"https:\/\/lgbso.usthb.dz\/index.php\/wp-json\/wp\/v2\/pages"}],"about":[{"href":"https:\/\/lgbso.usthb.dz\/index.php\/wp-json\/wp\/v2\/types\/page"}],"author":[{"embeddable":true,"href":"https:\/\/lgbso.usthb.dz\/index.php\/wp-json\/wp\/v2\/users\/1"}],"replies":[{"embeddable":true,"href":"https:\/\/lgbso.usthb.dz\/index.php\/wp-json\/wp\/v2\/comments?post=6"}],"version-history":[{"count":10,"href":"https:\/\/lgbso.usthb.dz\/index.php\/wp-json\/wp\/v2\/pages\/6\/revisions"}],"predecessor-version":[{"id":169,"href":"https:\/\/lgbso.usthb.dz\/index.php\/wp-json\/wp\/v2\/pages\/6\/revisions\/169"}],"wp:attachment":[{"href":"https:\/\/lgbso.usthb.dz\/index.php\/wp-json\/wp\/v2\/media?parent=6"}],"curies":[{"name":"wp","href":"https:\/\/api.w.org\/{rel}","templated":true}]}}