{"id":56,"date":"2024-02-22T10:12:27","date_gmt":"2024-02-22T10:12:27","guid":{"rendered":"http:\/\/193.194.89.193\/wp_lgbso\/?page_id=56"},"modified":"2024-05-08T11:23:34","modified_gmt":"2024-05-08T11:23:34","slug":"equipe-1","status":"publish","type":"page","link":"https:\/\/lgbso.usthb.dz\/index.php\/equipe-1\/","title":{"rendered":"\u00c9quipe 1"},"content":{"rendered":"\n<p><strong>G\u00e9ologie des Bassins sahariens<\/strong><\/p>\n\n\n\n<p><strong>Identification :<\/strong> C621701<\/p>\n\n\n\n<p><strong>Domaine(s) :<\/strong> G\u00e9odynamique, S\u00e9dimentologie, Pal\u00e9o-environnements.<\/p>\n\n\n\n<p><strong>Mots cl\u00e9s : <\/strong>Bassins s\u00e9dimentaires sahariens, Pal\u00e9ozo\u00efque, M\u00e9sozo\u00efque, s\u00e9dimentologie, environnements de d\u00e9p\u00f4t.<\/p>\n\n\n\n<p><strong>Description scientifique du programme de recherche :<\/strong> Cette \u00e9quipe d\u00e9nomm\u00e9e &#8220;Bassins Sahariens&#8221; s&#8217;est fix\u00e9 comme objectif une meilleure connaissance des bassins s\u00e9dimentaires d\u2019Alg\u00e9rie, sur tous les aspects : stratigraphie, s\u00e9dimentologie, environnements de d\u00e9p\u00f4t et pal\u00e9og\u00e9ographie, g\u00e9odynamique. Les objectifs fix\u00e9s sont la synth\u00e8se g\u00e9odynamique et l&#8217;analyse structurale des bassins s\u00e9dimentaires du sud alg\u00e9rien.<br>L&#8217;analyse de l&#8217;imagerie satellitaire et le tra\u00e7age des grands lin\u00e9aments constituaient l&#8217;\u00e9tape de d\u00e9part car ces grands accidents, h\u00e9rit\u00e9s des cycles g\u00e9ologiques anciens (Panafricains et autres) jouent un r\u00f4le primordial dans la r\u00e9partition des s\u00e9diments et les zones intens\u00e9ment d\u00e9form\u00e9es.<br>La d\u00e9formation alpine n&#8217;est pas rest\u00e9e en de\u00e7\u00e0 dans la r\u00e9gion puisqu&#8217;elle laisse une empreinte ind\u00e9l\u00e9bile dans la structuration r\u00e9cente des bassins.<br>Les objectifs \u00e9conomiques sont envisag\u00e9s; notamment la recherche des causes de la non min\u00e9ralisation de ces bassins et le tr\u00e8s petit int\u00e9r\u00eat p\u00e9trolier accord\u00e9 \u00e0 ces r\u00e9gion malgr\u00e9 leur potentiel th\u00e9orique.<\/p>\n\n\n\n<p><strong>Les projets de recherche en cours d&#8217;ex\u00e9cution (en cours d&#8217;ex\u00e9cution au 31\/12\/2022)<\/strong> <strong>:<\/strong><\/p>\n\n\n\n<figure class=\"wp-block-table is-style-regular\"><table><tbody><tr><td><strong>A : Projets de Recherche Internationaux Multilat\u00e9raux.<br>B : Projets de Recherche Internationaux Bilat\u00e9raux.<br>C : Projets de Recherche Intersectoriels.<br>D : Projets de Recherche Sectoriels.<\/strong><br><strong>E: Projets de Recherche Sp\u00e9cifique:<br>     E1 : Rayonnement de l\u2019Etablissement.<br>     E2 : Recherche Appliqu\u00e9e.<br>     E3 : Recherche D\u00e9veloppement.<br>     E4 : Recherche Formation (projet de th\u00e8se, \u2026).<\/strong><\/td><\/tr><\/tbody><\/table><\/figure>\n\n\n\n<h3 class=\"wp-block-heading\">MEMBRES<\/h3>\n\n\n\n<p><strong>Chef d\u2019\u00e9quipe&nbsp;:<\/strong>&nbsp;Rachid HAMDIDOUCHE (Professeur)<\/p>\n\n\n\n<figure class=\"wp-block-table is-style-regular has-small-font-size\"><table><thead><tr><th><strong>Nom<\/strong><\/th><th><strong>Pr\u00e9nom<\/strong><\/th><th><strong>Grade<\/strong><\/th><th><strong>USTHB\/NON<\/strong><\/th><\/tr><\/thead><tbody><tr><td>HAMDIDOUCHE<\/td><td>Rachid<\/td><td>Professeur<\/td><td>USTHB<\/td><\/tr><tr><td>CHABANE<\/td><td>Sarah<\/td><td>MCB<\/td><td>USTHB<\/td><\/tr><tr><td>BOURAS<\/td><td>Rabea<\/td><td>MAA<\/td><td>USTHB<\/td><\/tr><tr><td>BRAHIMI<\/td><td>Sonia<\/td><td>MCB<\/td><td>NON<\/td><\/tr><tr><td>MEKKAOUI<\/td><td>Imane<\/td><td>Doctorante<\/td><td>USTHB<\/td><\/tr><tr><td>TELLAL<\/td><td>Jugurtha<\/td><td>Doctorant<\/td><td>USTHB<\/td><\/tr><tr><td>AMANZOUGARENE<\/td><td>Ali<\/td><td>Doctorant<\/td><td>USTHB<\/td><\/tr><tr><td>HACHOUR<\/td><td>Kamel<\/td><td>Doctorant<\/td><td>USTHB<\/td><\/tr><tr><td>DJEDDI<\/td><td>Rabah<\/td><td>Doctorant<\/td><td>USTHB<\/td><\/tr><\/tbody><\/table><\/figure>\n","protected":false},"excerpt":{"rendered":"<p>G\u00e9ologie des Bassins sahariens Identification : C621701 Domaine(s) : G\u00e9odynamique, S\u00e9dimentologie, Pal\u00e9o-environnements. Mots cl\u00e9s : Bassins s\u00e9dimentaires sahariens, Pal\u00e9ozo\u00efque, M\u00e9sozo\u00efque, s\u00e9dimentologie, environnements de d\u00e9p\u00f4t. Description scientifique du programme de recherche : Cette \u00e9quipe d\u00e9nomm\u00e9e &#8220;Bassins Sahariens&#8221; s&#8217;est fix\u00e9 comme objectif <span class=\"readmore\"><a href=\"https:\/\/lgbso.usthb.dz\/index.php\/equipe-1\/\">Continue Reading<\/a><\/span><\/p>\n","protected":false},"author":1,"featured_media":0,"parent":0,"menu_order":0,"comment_status":"closed","ping_status":"closed","template":"","meta":{"footnotes":""},"class_list":["post-56","page","type-page","status-publish","hentry"],"_links":{"self":[{"href":"https:\/\/lgbso.usthb.dz\/index.php\/wp-json\/wp\/v2\/pages\/56","targetHints":{"allow":["GET"]}}],"collection":[{"href":"https:\/\/lgbso.usthb.dz\/index.php\/wp-json\/wp\/v2\/pages"}],"about":[{"href":"https:\/\/lgbso.usthb.dz\/index.php\/wp-json\/wp\/v2\/types\/page"}],"author":[{"embeddable":true,"href":"https:\/\/lgbso.usthb.dz\/index.php\/wp-json\/wp\/v2\/users\/1"}],"replies":[{"embeddable":true,"href":"https:\/\/lgbso.usthb.dz\/index.php\/wp-json\/wp\/v2\/comments?post=56"}],"version-history":[{"count":26,"href":"https:\/\/lgbso.usthb.dz\/index.php\/wp-json\/wp\/v2\/pages\/56\/revisions"}],"predecessor-version":[{"id":355,"href":"https:\/\/lgbso.usthb.dz\/index.php\/wp-json\/wp\/v2\/pages\/56\/revisions\/355"}],"wp:attachment":[{"href":"https:\/\/lgbso.usthb.dz\/index.php\/wp-json\/wp\/v2\/media?parent=56"}],"curies":[{"name":"wp","href":"https:\/\/api.w.org\/{rel}","templated":true}]}}